3. What is s(-80)?
-197
Let d(j) = -23935*j + 430737. Calculate d(18).
-93
Let z(c) = -c**3 - 109*c**2 + 1063*c - 11. Calculate z(-118).
-129
Let x(d) = 401*d**3 - 1199*d**2 - 9*d - 2. What is x(3)?
7
Let j(o) = 3549*o - 3. Calculate j(0).
-3
Let h(i) = -3*i**2 - 192*i - 2383. Give h(-45).
182
Let p(g) = -g**3 - 100*g**2 - 1704*g + 260. Give p(-22).
-4
Let v(n) = n**3 - 13*n**2 - 1753*n + 364. Determine v(-36).
-32
Let h(s) = -s**3 + 14*s**2 - 32*s + 4564. Calculate h(22).
-12
Let z(g) = -8578*g + 68600. Determine z(8).
-24
Let b(z) = -z**3 - 29*z**2 - 207*z + 27. Determine b(-15).
-18
Let d(o) = 576*o + 70. What is d(-4)?
-2234
Let z(y) = -4*y**2 + 197*y + 6452. Calculate z(66).
2030
Let p(n) = -n**3 - 5*n**2 + 1525*n + 7614. Calculate p(-5).
-11
Let f(p) = 6*p**3 - 14*p**2 + 501*p - 1009. What is f(2)?
-15
Let k(c) = c**2 - 57*c + 424. Calculate k(45).
-116
Let b(c) = -1794*c + 93088. Give b(52).
-200
Let t(n) = 20197*n + 626205. Give t(-31).
98
Let n(v) = -102*v**3 + 7*v**2 + 17*v - 26. What is n(1)?
-104
Let q(m) = -6*m**3 - 64*m**2 - 60*m - 13. What is q(-10)?
187
Let r(j) = -2177*j + 252519. What is r(116)?
-13
Let o(j) = -j**3 - 56*j**2 - 746*j - 367. Determine o(-31).
-1266
Let r(t) = 6*t**3 - 46*t**2 + 67*t - 125. What is r(6)?
-83
Let x(d) = -41*d**3 + 1231*d**2 - 34*d - 73. What is x(30)?
-193
Let d(z) = -20*z**2 - 2782*z - 282. Give d(-139).
-4
Let q(g) = -61*g**2 + 77*g + 393. What is q(-2)?
-5
Let v(c) = -2*c**3 - 899*c**2 + 64577*c - 110. Give v(63).
16
Let u(j) = j**3 + 890*j**2 - 1028*j - 122006. Calculate u(-891).
61
Let a(c) = -1234*c**2 - 36*c - 31. Determine a(0).
-31
Let b(x) = 18060*x - 90325. What is b(5)?
-25
Let d(k) = -69232*k + 138445. What is d(2)?
-19
Let u(d) = 2*d**2 - 19*d + 21. What is u(-3)?
96
Let z(o) = -o**3 - 6*o**2 - 452*o + 49. Calculate z(0).
49
Let o(k) = 765*k**2 + 20649*k - 189. What is o(-27)?
-27
Let v(g) = 4024*g + 112676. Calculate v(-28).
4
Let n(b) = -2*b**2 - 804078*b - 4020358. Calculate n(-5).
-18
Let w(r) = -2*r**3 - 603*r**2 + 7847*r - 756. Calculate w(-314).
186
Let t(y) = -8*y**3 + 115*y**2 - 310*y + 148. What is t(11)?
5
Let i(h) = -h**3 - 15*h**2 - 44*h - 846. Give i(-15).
-186
Let i(l) = -l**3 - 215*l**2 - 1651*l + 308. What is i(-207)?
-727
Let i(h) = -6*h**2 + 221*h - 1308. What is i(6)?
-198
Let f(i) = -1434*i + 584990. Give f(408).
-82
Let y(z) = 66*z - 215. Give y(7).
247
Let t(k) = -78*k**2 - 91*k + 26. Determine t(-5).
-1469
Let y(i) = -133*i + 30580. Calculate y(200).
3980
Let w(c) = 20*c**3 - 996*c**2 - 199*c - 55. Determine w(50).
-5
Let j(w) = -3*w**2 + 728*w - 21286. Give j(34).
-2
Let y(c) = -3*c**3 - 441*c**2 - 7619*c + 137. Determine y(-127).
10
Let s(v) = 4*v**2 + 129*v - 868. Determine s(6).
50
Let h(t) = -t**3 + 267*t**2 - 659*t - 35166. Give h(264).
-54
Let y(z) = 42*z**3 - 10424*z**2 + 1987*z - 630. Determine y(248).
114
Let p(x) = 4*x**2 + 25*x + 46. Calculate p(12).
922
Let r(c) = 22159*c - 465307. Calculate r(21).
32
Let c(w) = -5*w**2 + 408*w - 7603. What is c(28)?
-99
Let w(n) = 147*n**2 + 27598*n - 7136. Calculate w(-188).
8
Let p(b) = -427*b**2 - 3014*b - 170. Calculate p(-7).
5
Let c(p) = -751*p**2 + 6053*p - 366. What is c(8)?
-6
Let l(n) = -8147*n + 1189533. Give l(146).
71
Let u(k) = 71*k + 648. What is u(-24)?
-1056
Let m(p) = -p**3 + 109*p**2 + 28*p - 14594. Calculate m(108).
94
Let t(j) = 21*j**2 - 300*j + 596. Calculate t(2).
80
Let w(p) = 96*p**3 - 3264*p**2 + 4*p - 260. What is w(34)?
-124
Let s(t) = 85*t**2 + 93*t - 35. Calculate s(-2).
119
Let j(w) = -604244*w - 3021209. Give j(-5).
11
Let z(m) = 23*m**3 - 25*m**2 - 42*m - 249. What is z(-5)?
-3539
Let o(p) = 762*p - 288750. Determine o(379).
48
Let n(t) = -123*t + 1310. Give n(5).
695
Let y(s) = -2045*s + 16668. What is y(8)?
308
Let q(l) = -1030*l + 78266. What is q(76)?
-14
Let w(p) = 14*p**2 - 2718*p + 443. What is w(194)?
55
Let t(a) = a**2 - 85256*a + 852462. Determine t(10).
2
Let z(s) = -s**3 + 153*s**2 + 2140*s - 225. Determine z(-13).
9
Let v(t) = -4*t**3 - 3155*t**2 - 25008*t - 188. Give v(-8).
4
Let p(h) = 10*h**3 + 315*h**2 + 86*h + 1346. What is p(-31)?
3485
Let y(c) = 2*c**3 - 439*c**2 - 2038*c + 4932. Give y(224).
4
Let r(d) = -d**3 + 11*d**2 - 14*d + 102. Calculate r(0).
102
Let n(h) = -92*h + 16993. Calculate n(188).
-303
Let g(l) = l**3 + 124*l**2 - 67*l + 23303. Give g(-126).
-7
Let v(h) = -179*h + 33697. What is v(184)?
761
Let j(z) = 25*z**3 - 1602*z**2 + 131*z - 195. Calculate j(64).
-3
Let x(f) = 460*f**2 + 701*f + 1388. Determine x(-2).
1826
Let p(w) = 15445*w + 49. What is p(0)?
49
Let b(y) = -2*y**2 - 191*y - 2035. Calculate b(-10).
-325
Let p(h) = -250*h - 74549. Calculate p(-300).
451
Let p(r) = r**3 + 99*r**2 + 2354*r + 2238. What is p(-37)?
18
Let j(x) = -19*x**3 + 629*x**2 - 8*x + 101. What is j(33)?
2015
Let m(f) = -f**2 + 843*f + 9169. Calculate m(-11).
-225
Let y(c) = -196*c**2 + 11361*c + 411. Calculate y(58).
5
Let v(k) = -3*k**2 - 1945*k - 156353. Determine v(-94).
-31
Let f(m) = -m**3 + 93*m**2 + 551*m + 309. Calculate f(-5).
4
Let g(j) = 3*j**2 + 89*j + 325. What is g(-14)?
-333
Let b(d) = -11*d**2 - 611*d + 5012. Determine b(7).
196
Let w(p) = 1520*p - 7580. Give w(5).
20
Let g(u) = -3534*u - 1180341. Determine g(-334).
15
Let z(f) = 2*f**2 - 4*f - 3. Calculate z(1).
-5
Let r(b) = -b**3 + 7*b**2 + 1107*b - 11700. What is r(11)?
-7
Let q(u) = -29*u + 648. Give q(-43).
1895
Let s(g) = -47835*g - 2870110. Calculate s(-60).
-10
Let c(z) = 21*z**2 + 4153*z + 41441. Give c(-10).
2011
Let p(j) = j**2 + 1255*j + 16132. What is p(-13)?
-14
Let o(b) = 389*b + 23511. What is o(-60)?
171
Let j(u) = -1428*u + 7920. What is j(5)?
780
Let s(a) = -636*a - 5379. Calculate s(-9).
345
Let r(l) = -272*l**3 + 3535*l**2 + 238*l - 2922. Give r(13).
3
Let y(x) = 4756*x**2 + 38092*x + 307. Give y(-8).
-45
Let j(l) = 16*l**3 + 135*l**2 + 12*l + 3. What is j(-8)?
355
Let f(a) = a**3 + 103*a**2 + 495*a + 487. Calculate f(-98).
-3
Let k(g) = 11*g**3 + 133*g**2 + 1063*g + 12606. Calculate k(-12).
-6
Let y(z) = -z**2 - 255*z - 4136. Give y(-18).
130
Let i(q) = -4*q**3 + 42*q**2 + 87*q - 171. Determine i(12).
9
Let t(s) = 170*s + 18. Give t(-2).
-322
Let i(c) = -264*c + 11214. What is i(44)?
-402
Let y(w) = w**2 + 191364*w - 14166406. What is y(74)?
6
Let r(i) = 2515*i + 14304. Determine r(-6).
-786
Let r(t) = 12*t**2 - 447*t - 6. Calculate r(0).
-6
Let b(j) = 403*j - 103560. Give b(256).
-392
Let t(l) = -2*l**2 + 537*l - 14269. What is t(30)?
41
Let h(b) = 7*b**2 + 505*b + 1069. Calculate h(-70).
19
Let n(u) = -67*u**2 - 1564*u - 1975. Determine n(-22).
5
Let t(x) = -3496*x - 248126. Calculate t(-71).
90
Let c(j) = -j**2 - 761*j + 112409. Give c(127).
-367
Let y(m) = 15*m**3 + 490*m**2 - 1439*m + 23. What is y(3)?
521
Let c(u) = 137*u - 51096. Determine c(377).
553
Let q(v) = 1627*v - 76254. Determine q(47).
215
Let q(b) = 24*b**2 - 413*b + 79. Determine q(17).
-6
Let u(n) = 18*n**3 + 74*n**2 + 226*n + 498. Calculate u(-3).
0
Let b(o) = -70669*o + 636015. Give b(9).
-6
Let l(q) = q**2 + 317*q + 11235. Determine l(-42).
-315
Let i(r) = -62*r**3 - 1316*r**2 - 313*r - 139. Determine i(-21).
260
Let o(y) = 1282*y - 94825. Determine o(74).
43
Let d(f) = 4*f**2 - 270*f - 10835. Calculate d(-30).
865
Let v(o) = -o**3 - 70*o**2 + 1821*o + 44. What is v(20)?
464
Let a(t) = -13258*t + 225392. What is a(17)?
6
Let r(h) = -340*h - 9199. What is r(-26)?
-359
Let i(n) = 168*n**2 - 2*n + 24. Determine i(0).
24
Let r(w) = w**3 + 11*w**2 + 2171*w - 11. What is r(0)?
-11
Let k(t) = -6*t**2 - 191*t + 5803. Determine k(28).
-4249
Let x(b) = -3*b**3 + 3551*b**2 + 72220*b - 3. What is x(-20)?
-3
Let x(r) = -r**3 + 449*r**2 - 14114*r - 6. Give x(34).
-142
Let i(r) = 18*r**2 - 10*r - 182. Calculate i(-9).
1366
Let l(f) = -893336*f - 7146738. What is l(-8)?
-50
Let x(p) = 4*p**3 - 34*p**2 - 129*p + 105. Calculate x(11).
-104
Let s(p) = -2*p**2 + 1617*p - 217097. What is s(170)?
-7
Let d(u) = -u**2 - 5733*u + 792176. Calculate d(135).
-4
Let p(u) = -10551*u + 75889. Give p(7).
2032
Let k(d) = 6689*d - 307694. Calculate k(46).
0
Let v(w) = w**3 + 876*w**2 + 188120*w - 1224. Give v(-377).
-93
Let v(m) = -12323*m + 209475. Calculate v(17).
-16
Let x(a) = 2007*a + 780648. What is x(-389)?
-75
Let q(s) = 244*s 